{"id":139,"date":"2014-05-12T15:21:19","date_gmt":"2014-05-12T13:21:19","guid":{"rendered":"http:\/\/www.ztkok.hr\/?page_id=139"},"modified":"2022-04-02T15:01:07","modified_gmt":"2022-04-02T13:01:07","slug":"rikk","status":"publish","type":"page","link":"https:\/\/www.ztkok.hr\/?page_id=139","title":{"rendered":"RIKK"},"content":{"rendered":"<p>Roboti\u010dko-informati\u010dki klub Kri\u017e osnovan je 30.03.2014. na inicijativu nekolicinu biv\u0161ih \u010dlanova IK GUK kao i ostalih zaljubljenika u robotiku i informatiku iz Kri\u017ea i okolice.<\/p>\n<ul>\n<li>Predsjednik: Ana Sovi\u0107<\/li>\n<li>Tajnik: Marija Matkovi\u0107<\/li>\n<\/ul>\n<p>Web:\u00a0<a href=\"http:\/\/www.rikk.hr\">http:\/\/www.rikk.hr\/<\/a><\/p>\n","protected":false},"excerpt":{"rendered":"<p>Roboti\u010dko-informati\u010dki klub Kri\u017e osnovan je 30.03.2014. na inicijativu nekolicinu biv\u0161ih \u010dlanova IK GUK kao i ostalih zaljubljenika u robotiku i informatiku iz Kri\u017ea i okolice. Predsjednik: Ana Sovi\u0107 Tajnik: Marija Matkovi\u0107 Web:\u00a0http:\/\/www.rikk.hr\/<\/p>\n","protected":false},"author":1,"featured_media":0,"parent":0,"menu_order":4,"comment_status":"closed","ping_status":"open","template":"","meta":{"_crdt_document":"","footnotes":""},"class_list":["post-139","page","type-page","status-publish","hentry"],"_links":{"self":[{"href":"https:\/\/www.ztkok.hr\/index.php?rest_route=\/wp\/v2\/pages\/139","targetHints":{"allow":["GET"]}}],"collection":[{"href":"https:\/\/www.ztkok.hr\/index.php?rest_route=\/wp\/v2\/pages"}],"about":[{"href":"https:\/\/www.ztkok.hr\/index.php?rest_route=\/wp\/v2\/types\/page"}],"author":[{"embeddable":true,"href":"https:\/\/www.ztkok.hr\/index.php?rest_route=\/wp\/v2\/users\/1"}],"replies":[{"embeddable":true,"href":"https:\/\/www.ztkok.hr\/index.php?rest_route=%2Fwp%2Fv2%2Fcomments&post=139"}],"version-history":[{"count":3,"href":"https:\/\/www.ztkok.hr\/index.php?rest_route=\/wp\/v2\/pages\/139\/revisions"}],"predecessor-version":[{"id":303,"href":"https:\/\/www.ztkok.hr\/index.php?rest_route=\/wp\/v2\/pages\/139\/revisions\/303"}],"wp:attachment":[{"href":"https:\/\/www.ztkok.hr\/index.php?rest_route=%2Fwp%2Fv2%2Fmedia&parent=139"}],"curies":[{"name":"wp","href":"https:\/\/api.w.org\/{rel}","templated":true}]}}